z + 183. Let v = n - -46. What is the units digit of v - -1 - (-3)/((-12)/(-400))?
0
Suppose -2 = -2*r - 4*b, -4*r + b = -0*b + 23. Suppose 3*h - 2*h - 39 = 0. What is the tens digit of h - ((4 - 1) + r)?
4
Suppose 0 = -2*d + 5*y + 53, -5*d + 0*y = 3*y - 148. Let j be d/6 - (-1)/6. Suppose -25 = j*i - z - 110, -2*i + 5*z + 11 = 0. What is the units digit of i?
8
Suppose 3*p + 9504 = 3*g, -13*p = -9*p + 16. What is the units digit of g?
4
Suppose -5*s = 3*j - 119020, j + 2*s + 1624 = 41296. What is the ten thousands digit of j?
3
Let k(l) = 16*l + 36. Let i(c) = c**3 + 6*c**2 + 2*c + 6. Let h be i(-2). What is the hundreds digit of k(h)?
3
Suppose -87*j = -215*j + 112*j + 586512. What is the units digit of j?
7
Let b = -380 - -383. Suppose 0 = 4*l + 12, b*u = -2*l + 180 + 459. What is the units digit of u?
5
Let f be 2 - (6 - (-6 + 13)). Suppose 58 = -f*j + 1771. What is the hundreds digit of j?
5
Suppose 115 = 2*v - 19*o + 16*o, -282 = -5*v + 2*o. Suppose -72*h + 4992 = -v*h. What is the hundreds digit of h?
3
Suppose -34*g + 15 + 53 = 0. Suppose 2*n + 2792 = 4*c, c + 698 = g*c - 5*n. What is the tens digit of c?
9
Let g = -14250 + 32674. What is the thousands digit of g?
8
Suppose 0 = 534*y - 89*y - 14180890 - 11265100. What is the units digit of y?
2
Let y(d) = 7*d + 52. Let q be y(-11). Suppose -5*x + 2*f + 225 = 37, 0 = 2*x - 3*f - 84. Let k = x + q. What is the tens digit of k?
1
Let x = 137 + -181. What is the units digit of (x/(-8))/(2/92)?
3
Suppose -48*l = -55*l + 9751. What is the tens digit of 3/(21/l)*1?
9
Let b = 98 - 111. Let l(k) = k**2 - 18. What is the hundreds digit of l(b)?
1
Let l = 197574 + -133157. What is the hundreds digit of l?
4
What is the hundreds digit of (-5)/((-130)/(-4)) + (-68070240)/(-2730)?
9
Suppose 5*s = s + 4. Let y be (-17 - -14) + 0/s. What is the tens digit of (75/y)/((-3)/3)?
2
Let f be (-13)/((-273)/18)*7. Suppose 0*q = f*q - 1062. What is the tens digit of (20/(-30))/((-2)/q)?
5
Let f be (-2)/(-8)*6*(-1056)/(-198). What is the tens digit of 1399 - 8/(f/(-7))?
0
Suppose 80087 + 21697 = 3*k - y, y - 101790 = -3*k. What is the tens digit of k?
2
Suppose 9*o + 2 = 47. Suppose -o*k + 567 = -1368. What is the hundreds digit of k?
3
Suppose 2910 = q - 2*c - 202, -18 = 3*c. What is the hundreds digit of q?
1
Let k(h) = 24*h**2 - h - 2. Let a(c) = c**2 + 17*c + 35. Let i be a(-15). Suppose -15 = -5*f - i. What is the tens digit of k(f)?
9
Let t be (-54)/(-15)*(-20)/(-8). Suppose 0 = 4*u + 13 - t. Let b(l) = 66*l**2 + 3*l + 2. What is the tens digit of b(u)?
6
Let s = 102 - 198. Let n = -95 - s. What is the units digit of 77 + n/3*3?
8
What is the units digit of 1923 + 1 - (-42 + 56)?
0
Let j(y) = -6*y + 303. Let g be j(45). Let k = 2196 - 1097. Suppose -26*a - k = -g*a. What is the tens digit of a?
5
Suppose 48 - 2 = 45*g - 44. Suppose -2*m = 3*m - 920. Suppose -85 = -u + j, j + m = g*u + 6*j. What is the units digit of u?
7
Let c(r) = 11*r**3 + 19*r**2 + 11*r + 31. What is the hundreds digit of c(9)?
6
Suppose 0 = -4*l - 0*l + z - 132, 3*l + 5*z + 76 = 0. Let c = -45 + l. What is the units digit of 1/(-3)*(8 + c)?
3
Let u(i) = i**3 + 22*i**2 - 204*i - 78. What is the units digit of u(31)?
1
Suppose 0 = 14*d - 36 - 132. Let u(h) = 8*h + 102. What is the tens digit of u(d)?
9
Suppose 5*z - 605 - 1619 = 4*x, 4*z + 2*x - 1774 = 0. Suppose -k - z - 73 = -2*w, -5*k + 782 = 3*w. What is the units digit of w?
9
Suppose -5*d + 2*d + 3*u + 176322 = 0, -4*d + 235102 = -3*u. What is the ten thousands digit of d?
5
Suppose 0 = 2*i + g + 4, -7*i + 12*i - 5 = 5*g. Let h be 22/(-3 + 25/8). What is the hundreds digit of h + (5 + -3 - i)?
1
Let o(g) = 391*g - 400. What is the tens digit of o(2)?
8
Let r(f) = -f**2 + 10*f - 2. Let t be r(9). Suppose -2*u + 1 = t. Let j = u - -67. What is the units digit of j?
4
Let f = 14370 + 58864. What is the units digit of f?
4
Let c(r) = 6*r + 99. Let x(f) = -2*f - 33. Let l(z) = -6*c(z) - 17*x(z). What is the units digit of l(-23)?
3
Let y be 1*-2*(-10)/(-20)*5631. What is the hundreds digit of y/(-13) - (-50)/(-325)?
4
Suppose 30458 = 4*p + 5*k, -51*k + 15202 = 2*p - 53*k. What is the tens digit of p?
0
Let k be (1335/6)/(-4*6/(-336)). Suppose 105*g - 112*g = -k. What is the hundreds digit of g?
4
Let n(i) = -97*i + 29. Let v(w) = -w**3 + 15*w**2 - 26*w - 3. Let s be v(13). What is the tens digit of n(s)?
2
Let r(q) = -2*q**2 + 2*q + 61. Let u be r(-6). Let l = u + 84. What is the units digit of l?
1
Let u(l) be the first derivative of -186*l**2 + 15*l + 20. What is the hundreds digit of u(-1)?
3
Suppose -5*p - 28 = -4*i, 24 = 3*i + i - 4*p. Let n = 147 - i. What is the tens digit of n?
4
Let h be 102/((-7)/14 + 5/2). Let x = h + -49. What is the tens digit of x/(2 + 8) - (-224)/5?
4
Suppose 172 = 3*d + 5*s, 7*s + 292 = 5*d + 10*s. Let c(l) = -129*l**3 + 62*l**3 + d*l**3 + 2*l**2 - 3 - 3*l. What is the tens digit of c(-2)?
7
Let x(k) = -55*k - 100. Let q be x(-20). Let f = q - 558. What is the units digit of f?
2
Let f = -4162 + 8694. Suppose 2*x + f = 13*x. What is the hundreds digit of x?
4
Suppose -4*p = -24, -4*w - 10*p + 60230 = -11*p. What is the thousands digit of w?
5
Suppose -33*d + 23191 + 16948 = 56*d. What is the units digit of d?
1
What is the units digit of ((-126)/(-3))/7 + 11272?
8
Let y(n) = -19*n - 3. Let c(k) = 19*k + 2. Let p be -6 - -7 - (-2 - 1). Let v(l) = p*c(l) + 5*y(l). What is the tens digit of v(-3)?
5
Suppose -5*v = -2*g + 25, 3*g + 4*v + 17 = -3. Let s(j) be the second derivative of -j**4/6 + 34*j**2 + j + 19. What is the tens digit of s(g)?
6
Suppose 479887 = 77*p + 114445. What is the thousands digit of p?
4
Let x(s) = 3633*s**2 + 47*s + 48. What is the hundreds digit of x(-1)?
6
Let w = -780 - -408. Let g = w - 120. What is the tens digit of g/(-2)*3/9?
8
What is the hundreds digit of (6/48*125178)/(1/4)?
5
Let r(c) = -c. Let v be r(-3). Let b be v/5 + 471/(-5)*3. What is the tens digit of b/(-8) - 6/24?
3
Let z(x) = -2*x + 30. Let w be z(18). Let r(o) = 12*o**2 - 13*o - 50. What is the tens digit of r(w)?
6
Let k = -662 + 2060. What is the tens digit of k?
9
Suppose -65*k + 442546 + 194324 = 0. What is the units digit of k?
8
Suppose -279*p + 276*p + 2*b = -6229, -4*p + 8303 = -5*b. What is the tens digit of p?
7
Suppose 0*r = 2*r - 18. Let c(k) = k**2 - 3. Let u(a) = -4*a**2 + a + 8. Let x(f) = -7*c(f) - 2*u(f). What is the tens digit of x(r)?
6
Let v(h) = -h**3 + 20*h**2 + 223*h + 54. What is the units digit of v(-30)?
4
Suppose -3*w - 3*x + 5 = -5*w, 2*w + 4*x - 16 = 0. Suppose -9 = -3*h + 3*s, 3*h - 36 = -2*h - w*s. What is the hundreds digit of (h - 7)/((-306)/(-309) - 1)?
1
Let s(m) = 9*m**3 + 3*m**2 - 2*m + 5. Suppose -q = -5 + 3. What is the units digit of s(q)?
5
Suppose -5*j + 29 = 9. Suppose 1746 = j*r - 2*k, -25 = 4*k - 5. What is the units digit of r?
4
Suppose 2*l + 114 = -5*v + 843, -3*l = -4*v - 1036. Suppose -k = 5*x - 780, l = 2*k + x - 1172. What is the units digit of k?
0
Let n(i) = 5*i - 42. Let f be n(31). Suppose -109*j + f*j = 140. What is the tens digit of j?
3
Let t(y) = -684*y**3 + 2*y**2 + 4*y + 1. Let q be t(-2). Suppose 7*p - 1982 = q. What is the tens digit of p?
6
Let t be (7/2)/((-2)/(-8)). What is the tens digit of ((-144)/(-10))/((t/105)/2)?
1
Let r be (-2 - 24/(-9))/((-2)/204). What is the units digit of (-1337)/(-4) - 51/r?
5
Let i(x) = 297*x**2 - 21*x + 172. What is the thousands digit of i(5)?
7
Suppose 57 = 5*w - 3*o, 2*o + 24 + 11 = 3*w. Suppose -3477 - 42 = -w*a. What is the hundreds digit of a?
3
Suppose 6*y + 10 = y. What is the units digit of y/12 - ((-2973)/18 + -4)?
9
Suppose r = 348 + 1392. Suppose -4*a = 3*m - 2331, 3*a + 4*m = -m + r. Let h = -362 + a. What is the hundreds digit of h?
2
Let n be (666/(-36))/((-2)/(-4)). Let p = -16 - n. Suppose -7*h - p = -10*h. What is the units digit of h?
7
Suppose 84*b = -1004080 + 3250660. What is the thousands digit of b?
6
Let w(f) = -3*f**2 + 6*f**2 - 2*f**2 + 11*f - 2*f**2 - 12. Let s be w(9). Suppose 0 = -s*r + 3*r + 108. What is the tens digit of r?
3
Let y(b) be the first derivative of 730*b**3/3 + 2*b + 80. What is the hundreds digit of y(1)?
7
Let r(z) = 9*z**2 - 87 + 85 - 8*z**2 - 623*z**3. What is the units digit of r(-1)?
2
What is the hundreds digi